 + 60*b - 6*b**2 - 104*b. Is p(-8) a composite number?
False
Let c = 17700 - -1421. Is c composite?
False
Let r(c) be the third derivative of c**5/60 + c**4/4 + 4*c**3/3 - c**2. Let x be r(-10). Let d = x - 17. Is d a composite number?
False
Let n(c) = 30*c**3 - 3*c**2 - 10*c - 73. Is n(10) composite?
False
Let q be (-1262)/7 - 18/(-63). Let p = q + 401. Is p prime?
False
Suppose -2*i + 0*i = c - 7, 2*i = 5*c + 25. Let l(s) = 5*s**2 - 28*s - 33. Let u(z) = 2*z**2 - 14*z - 16. Let f(v) = c*l(v) + 7*u(v). Is f(-8) composite?
True
Let b = 3187 - -10944. Is b a prime number?
False
Suppose 43*k = 48*k - 25385. Is k a composite number?
False
Is (-5 - (6 - 9))*9722/(-4) a composite number?
False
Suppose 52*q = 47*q + 655. Suppose 146*j - q = 145*j. Is j a prime number?
True
Suppose 3196 = 7*w + 214. Let j = w + 101. Is j a composite number?
True
Let j(n) = 5*n**2 + 9*n + 10. Let t be j(-10). Let q = 639 - t. Is q prime?
False
Suppose 0 = 216*r - 207*r - 23427. Is r a composite number?
True
Let q be 1/(-1) + (-42)/(-12)*6. Is ((-12045)/(-12) - (-5)/q)/2 a composite number?
True
Let h(d) = 17*d + 7. Let o(q) = -16*q - 7. Let r(n) = 6*h(n) + 5*o(n). Let l be r(6). Suppose 2*g + l = 3*g. Is g prime?
True
Let y(l) = 41*l**2 - l + 1. Suppose 20 = 5*p + f - 4*f, 0 = -3*f - 15. Suppose -p = 4*d - 9. Is y(d) a prime number?
True
Let b = 2541 + -708. Suppose -29 = -3*q + 5*h, 4*q - 3*h - 24 = -0*q. Suppose -v = -3*g - 3*v + b, -g - q*v + 604 = 0. Is g a composite number?
False
Let x = 12 - 24. Let l = -8 - x. Is 112 - (l/(-1) + 3) a prime number?
True
Let a = 996 - 170. Let l = a + -1212. Is (1 + l/4)*-2 prime?
True
Suppose -12*t + 17480 = -4*t. Suppose 0 = -x + 626 + t. Is x a composite number?
True
Let z be (-60)/(2 + 10/(-4)). Suppose 121 + 51 = -2*x. Let q = x + z. Is q prime?
False
Let j(c) = -9*c**3 + 4*c**2 + 4*c - 1. Let h(u) = 9*u + 50. Let g be h(-6). Is j(g) prime?
False
Let h(y) = -y**3 - 5*y**2 + 5*y. Let z be h(-5). Let j = 35 + z. Let o(b) = -b**2 + 10*b + 11. Is o(j) a composite number?
False
Let q(x) be the second derivative of 143*x**4/3 - x**3/3 - 3*x**2/2 - 4*x. Let r be q(-1). Suppose -5*f + 3*d = -2*d - 770, 4*f = -5*d + r. Is f a prime number?
True
Let g(o) = -o**2 + 15*o + 18. Let d be g(16). Suppose -d*u - 3*u = -50. Suppose -6*z = -u*z + 636. Is z prime?
False
Suppose 0 = -g - 4*g + 25, -3*g = 4*c - 39. Let h be (-10)/15 - 1826/c. Let a = -216 - h. Is a prime?
True
Let q(c) = -32 + 21 - 67*c + 44*c - 74*c. Is q(-10) a composite number?
True
Suppose 5*d - 799 = 4*z + 518, 0 = -5*d + z + 1323. Let a = 404 - d. Is a a composite number?
False
Let j(l) = 99*l**2 - 31*l + 167. Is j(15) prime?
True
Is (-7827935)/(-387) + (-14)/(-18) + -1 a prime number?
False
Let f(q) be the second derivative of 9*q + 0 + 3*q**2 + 1/6*q**3 + 3*q**4. Is f(-3) a prime number?
False
Let f = -306 + 602. Suppose 2*k + 3*t - f = 0, 2*t - 267 = -3*k + 172. Is k composite?
True
Let b(a) = a**3 + 6*a**2 - 4. Let d be b(-6). Let p be (d - 2)*1/(-2). Let h = p + 7. Is h a prime number?
False
Is (-4)/(-18) + 631/(-9)*-52 prime?
False
Let u(f) = 110*f**2 - 141*f + 14. Is u(41) a prime number?
True
Let g = 10 + -3. Suppose 2*f + g = 3*f. Suppose n + f = h, 0*h - 5*n = -h + 7. Is h a prime number?
True
Let n(h) = h - 13. Let w be n(14). Let j(d) = 2 + w + 33*d - 27*d + d**2. Is j(10) a composite number?
False
Suppose 16*j - 6*j - 2690 = 0. Is j composite?
False
Suppose -2*c + 42164 - 4576 = 0. Is c composite?
True
Suppose 2*c - 5*r + 7 = 0, 0 = -c - 3*r + 3 + 10. Suppose 346 = -c*i + 1190. Is i a composite number?
False
Suppose 2*m + 2*s = 14460, -5*s = -2*m - m + 21682. Is m prime?
True
Let a = 22 + -37. Let c(n) = -n**2 - 19*n + 18. Let w be c(a). Suppose -d + w = 23. Is d composite?
True
Let s be (-2)/6 - 2936/(-6). Let c = s + -236. Is c a composite number?
True
Let t(x) = x + 25. Let f be t(-18). Let y(h) = -5 - 2 + 0 - 16*h + 96*h. Is y(f) composite?
True
Let a = 11 + -7. Suppose 6480 = a*i + 556. Is i a prime number?
True
Suppose -40 = 3*f + 2*f. Let c(z) = z - 3. Let g(t) = 94*t + 29. Let m(s) = -4*c(s) - g(s). Is m(f) a composite number?
True
Suppose -q - 5*v = -3804, -5*q + 0*v = 5*v - 19120. Let r = q + -2268. Is r prime?
False
Let q(g) = -g**2 + 35*g - 17. Let m be (-3 - (-7 + 2)) + 23 + -2. Is q(m) a composite number?
True
Let x(y) = 1406*y + 205. Is x(6) prime?
True
Let q(c) = -2*c**3 - 6*c**2 + 6*c + 10. Let i = 1 + -6. Let v be q(i). Suppose 3*r - 37 = v. Is r composite?
True
Suppose 4*s - 55 - 85 = 0. Let m be ((-14)/s)/((-1)/(-5)). Is ((-11)/22)/(m/2348) a prime number?
True
Let q(t) = -t**2 + 19*t - 8. Let b be (-280)/(-32) + 1/4. Let v be q(b). Suppose -3*o - k + 299 = -v, 0 = -2*k. Is o composite?
False
Let r = 38407 - 16610. Is r a prime number?
False
Let i be (4/(-5))/(2/(-5)). Let g(x) = 5*x + 1 - 14*x**2 + 15*x**i - 4*x. Is g(-5) a prime number?
False
Is ((-46597)/68)/((-1)/4) a composite number?
False
Suppose 4*y - 6*a + a = 6960, 0 = -4*y + 2*a + 6960. Let g = y - 1238. Is g a prime number?
False
Suppose 4*o = d + 88569, -5*o + 110715 = -23*d + 21*d. Is o prime?
False
Let k = -58 + 58. Suppose k = -2*l + 76 + 558. Is l a prime number?
True
Suppose 467044 = 22*g - 98290. Is g a composite number?
True
Suppose -3*z - 4*k + 175613 = -0*z, -z + 58547 = -k. Is z composite?
False
Let w = 3205 + 1478. Let y = 2514 + w. Is y a prime number?
False
Let r be 0/(2/4*-4*-1). Suppose 6*i - 773 + 311 = r. Is i prime?
False
Suppose 4*w - 4*i + 7*i - 9713 = 0, -4*w + 9716 = 4*i. Is w a composite number?
True
Suppose -r + 5 = y, r + 4*r - 5*y = 25. Suppose -5*g - 317 = -2*d, 0*g + r*g - 810 = -5*d. Suppose -30 = c - d. Is c prime?
True
Let y be (-501)/24 - (0 + (-2)/(-16)). Let n(k) = -k**3 - 18*k**2 + 35*k - 1. Is n(y) a prime number?
True
Let a(x) = 2*x**2 - 8*x + 20. Is a(13) a prime number?
False
Is (-62590)/(-25) - (-21)/(-35) a prime number?
True
Let f(z) = z - 2. Let o be f(4). Suppose o*t - 3*t - 57 = 0. Let i = -20 - t. Is i a composite number?
False
Suppose 0 = -4*n + 69819 + 1793. Is n prime?
True
Let b = -244 + 518. Let r = 21 + b. Is r a prime number?
False
Suppose -13 = -c + 3*d + 17, c = 5*d + 28. Is c a prime number?
False
Let p(g) = 5 - 5 + 15*g - 4. Is p(2) composite?
True
Let z(r) be the first derivative of -579*r**2/2 - 4*r - 10. Let k be z(-4). Suppose 0 = -4*p - 4*x + k, -p = 4*p - 4*x - 2935. Is p composite?
True
Let g(c) = 2*c - 4. Let l be g(3). Is l - 2/((-2)/409) composite?
True
Let g(v) = -455*v**3 - 2*v - 6. Let h be g(-2). Suppose -21*p + 19*p = -h. Is p a prime number?
False
Suppose -2*w + 5*y = -218 - 897, -3*y - 1677 = -3*w. Let j = 177 + w. Is j a prime number?
False
Suppose 19*s - 24*s = 12455. Let t = s + 4944. Is t a composite number?
True
Is (400/32 - 15) + 21951/2 a composite number?
False
Let n = 3 - 2. Let l = 4 + n. Is (l - -90) + 2/1 a composite number?
False
Let f = -4767 - -9594. Let p = f + -1566. Is p a composite number?
True
Let n be ((-306)/5)/((65/(-75))/13). Let b = n + -355. Is b composite?
False
Suppose 4*x - 43 = -3*h - 976, 3*x + 716 = h. Is (x/6)/(1/(-2)) composite?
False
Let m = -1198 + 8019. Is m a composite number?
True
Suppose -c + 6*c - 10 = 0. Suppose 0*i - 502 = -c*i. Is i composite?
False
Suppose -3*b + 46 + 248 = 0. Let a = b - -107. Suppose -132 = -h + a. Is h a composite number?
False
Let d = 5597 - 3138. Is d composite?
False
Suppose 4*u - 10 - 6 = 0. Suppose 2*f = -4*g - 0*g - 10, 0 = u*f - 4*g + 32. Is (-2)/7 - 9697/f a prime number?
False
Suppose -12*c - 20 = -16*c. Suppose c*b - 146 = 109. Is b a composite number?
True
Let o(u) = -u - 1. Let q(c) = 29*c - 4. Let z(m) = 3*o(m) + q(m). Let x(w) = -w**2 - 4*w + 4. Let a be x(0). Is z(a) a composite number?
False
Let u(d) = -6806*d**3 - 2*d**2 - d. Is u(-1) a prime number?
False
Let x = 215 + -164. Is x a prime number?
False
Suppose 4*j - w = 3*j + 4653, 4*j - 18597 = -w. Suppose 13*l - 20583 = j. Is l a prime number?
False
Let t = -79388 - -127381. Is t a composite number?
True
Let x be (-49)/14*40/(-7). Let p = x - 21. Let b(i) = -78*i**3 - 2*i - 1. Is b(p) a prime number?
True
Let w = 872 - 621. Is w prime?
True
Let q be (-2 - 0)*20/(-8). Suppose 4*n = -0*n, -q*t + 25 = -2*n. Let v(d) = 6*d**3 + 5*d + 6. Is v(t) composite?
True
Let h = 1115